 - 7*g**4/24 - 5*g**3/6 + 21*g**2. What is n(-6)?
1
Suppose -3*n - g + 11 = g, -10 = -3*n - g. Let l(w) = -w**3 + 3*w**2 + 2*w - 3. Determine l(n).
3
Suppose -3*c - 3*t - 2*t = -7, -5*c + 3*t = -23. Suppose 3*w = -c*d - w + 12, 4*w = -d + 3. Let p(o) = 2*o - 3. Give p(d).
3
Suppose 3*x + 4 = -5*a, 0 = -x - 0*x - 3*a. Suppose -4*k = -4*l - 0*l - 12, -4*l - 2 = -2*k. Let z(q) = 8*q**l - 3*q + 6 - 9*q**2 - 2. What is z(x)?
4
Let h(j) = j**3 - 4*j - 2 + 4*j. Let m = 53 + -53. Calculate h(m).
-2
Let p(a) be the second derivative of -5/6*a**3 - 1/12*a**4 + 0 - a**2 + 3*a. Let s = -10 - -6. Give p(s).
2
Let p be (-2)/8 - 2/(-8). Let u(f) be the first derivative of f**3/3 + f**2/2 - 1. Give u(p).
0
Let u(p) = -11*p**3 - 2*p**2 + 1. Let t = -6 + 7. Determine u(t).
-12
Suppose 9 = 3*s - 2*l - l, s + 2*l = 0. Let a(q) be the second derivative of 1/2*q**2 + 3/4*q**4 - s*q + 0*q**3 + 0. Calculate a(-1).
10
Let l(y) = y**2 - 7*y + 2. Suppose -2*z + 21 = 7. Let s be l(z). Let i(a) = -a + 1. What is i(s)?
-1
Let d(z) be the second derivative of z**5/20 + z**4/2 - z**3/6 + 2*z**2 - 17*z. Calculate d(-6).
10
Let h be 3 + (19 + 2)/(-3). Let c(l) = 4*l + 6. What is c(h)?
-10
Let c(j) = -4*j + 1. Let k = -5 + 9. Let n(r) = r**3 - 4*r**2 + 1. Let x be n(k). Let d be c(x). Let h(m) = -m**2 - 4*m - 3. Give h(d).
0
Let l(c) = 11*c - 13. Let j(s) = 16*s - 20. Let h(o) = 5*j(o) - 7*l(o). Give h(8).
15
Let y(o) be the first derivative of -2*o**4 - o**3/3 + o**2 - o - 5. What is y(1)?
-8
Let p(t) = -2*t + 3. Let j(s) = 3*s - 5. Let a(q) = q - 5. Let l be a(5). Suppose w = -g + 3, l = g - 4*g + 5*w + 25. Let y(u) = g*p(u) + 3*j(u). Give y(0).
0
Let m(d) = -3 + 0*d - 23*d - 3*d**2 + 21*d. Give m(-3).
-24
Let t(k) = -4*k**2 - k + 1. Let v = 49 + -51. What is t(v)?
-13
Suppose 14 - 2 = 3*j. Suppose j*n - 6 = 2. Let o(w) = -5*w**2 - 3 + 3*w - 2*w**3 + 3*w**3 + 10*w**n. What is o(-3)?
6
Let s(n) = n**2 - 7*n - 4. Let k(z) = -z - 1. Let t(c) = 4*k(c) - s(c). Let q(b) = b**2 - 22*b - 46. Let u be q(24). What is t(u)?
2
Let m be (3 - 2) + (0 - 1). Let i(d) = -d**3 - d**2 - 8. What is i(m)?
-8
Let o(j) be the second derivative of -2*j + 1/2*j**3 + 0 - 3/2*j**2. Let g(p) = -p**3 - 13*p**2 - 13*p - 10. Let m be g(-12). Give o(m).
3
Let n(w) be the first derivative of 7 + w + 7/4*w**4 + 1/2*w**2 + 0*w**3. Determine n(-1).
-7
Let s be (-2)/3 + 4/(-3). Let o be (5 - 2) + s/2. Let q(y) = -2*y**2 - 2*y - y**o + 2*y**2 - 2. Calculate q(-3).
-5
Let t(x) = 2*x + x**3 - 3*x + 0 - 4 - x**2. Let k(u) = -u**3 - u**2 + 2*u - 1. Let f be k(-2). Let j = -1 - f. Calculate t(j).
-4
Let x(t) = t**2 - 6*t + 1. Let z = -75 + 81. Give x(z).
1
Let o be (-4)/2 - 27/9. Let m(s) = -2*s - 3. Calculate m(o).
7
Let d(s) = -s**2 + 3*s - 1. Suppose -3*u + 4*k - 3 - 3 = 0, u + 2*k = -2. Let g(x) = -x. Let f be g(u). What is d(f)?
1
Suppose 3*b + 9 = f - 4, -5*f - 30 = 4*b. Let s be (1 - 15)*(-3)/6. Let i be 1/(-2) + s/f. Let k(h) = h + 4. Calculate k(i).
0
Let o(s) = 2*s + 3. Suppose 4*h + 20 - 4 = 0. Give o(h).
-5
Let c(d) = -5*d - 3. Suppose -3*a + 2*h - 7*h + 16 = 0, 5*a + 5*h - 20 = 0. Let y be (-15)/10 + (-10)/4. Let v = a + y. Determine c(v).
7
Suppose 3 = 5*z - 7. Let s(n) = -3 + z*n + n + 0*n. Let a = -6 + 8. Determine s(a).
3
Let f be 0/((-2 - -4)/1). Let l(o) = -2*o**3 - o**2 + o + 6. Let h(y) = y**2 - 5 + 3*y**3 - y - 3*y**2 + 3*y**2. Let s(u) = -3*h(u) - 4*l(u). Determine s(f).
-9
Suppose 25 = 7*l - 2*l. Let t(n) = -2*n**3 - 3*n**2 + 3*n. Let w(x) = 5*x**3 + 5*x**2 - 6*x. Let b(u) = -7*t(u) - 3*w(u). Determine b(l).
10
Let i(s) = s - 5. Let a be i(9). Let h(y) = -4*y**2 + y + 1. Let u(b) = 5*b**2 - 2. Let p(l) = 4*h(l) + 3*u(l). Calculate p(a).
-2
Let m(b) = b - 5. Suppose 4*n - 27 = 3*n. Let u = -7 + n. Suppose 6*r = 2*r + u. Calculate m(r).
0
Let b(s) = -s + 7. Let l(y) be the second derivative of 5*y**3/6 - y. Let j be l(4). Suppose 0*t = 4*t - j. What is b(t)?
2
Let o(v) be the third derivative of 4/3*v**3 + 5*v**2 + 1/6*v**4 + 0 + 0*v - 1/60*v**5. What is o(6)?
-4
Let h(i) = -3*i + 5 - 2*i**2 + 3*i**2 - 6. Determine h(-2).
9
Let w(d) = d**3 + 3*d**2 + 3*d + 2. Let h be w(-3). Let m(o) = o**2 + 7*o + 1. What is m(h)?
1
Let g(c) = c**2 - 16*c + 16*c - 5 + 3. Determine g(-2).
2
Let l(v) = -v**2 + 4*v + 4. Let s(d) = -4 + 0*d**2 - d**2 - 3*d + 0. Let o be s(-3). Let t be (-6)/o*(-10)/(-3). Determine l(t).
-1
Let h(y) = -7*y**2 + 11*y + 1. Let i(b) = -4*b**2 + 6*b + 1. Let s(j) = j**2 - 2*j - 3. Let u be s(-2). Let k(d) = u*i(d) - 3*h(d). Determine k(3).
2
Let m = 18 - 12. Let l(x) = -m*x - 1 - 2*x**2 + 0 + x**2. Suppose 4*y + 11 + 1 = -5*t, 0 = 3*t + 3*y + 6. What is l(t)?
7
Let g(z) = z + 2. Let o be g(0). Let d(n) be the first derivative of n**2 - 3*n - 2/3*n**3 + 1/2*n**4 - o. Give d(2).
9
Let m(k) = k**3 + 4*k**2 - 5. Let g = -4 - -8. Suppose -g*s + 2*s = 24. Let r = s - -8. What is m(r)?
-5
Let a(g) = g**2 - 1. Let b(n) = -n**2 + 2*n + 1. Let y(r) = 2*a(r) + b(r). Suppose -2*u = -3*u + 2. Determine y(u).
7
Let q(a) be the third derivative of 7/24*a**4 - 1/6*a**3 + 0 + 0*a + 2*a**2. Determine q(1).
6
Suppose 11*p + 57 + 31 = 0. Let a(z) = z**3 + 7*z**2 - 8*z. Determine a(p).
0
Let v(k) be the third derivative of -k**4/24 - 5*k**3/3 + 20*k**2. Give v(-7).
-3
Let y be (-4 - (0 - 1 - -2))*-1. Let t(x) be the third derivative of 1/120*x**6 + 3*x**2 - 1/20*x**y + 0 + 0*x + 2/3*x**3 - 1/6*x**4. What is t(3)?
-8
Let w = 8 - 3. Let u(s) be the first derivative of -s**4/4 + 5*s**3/3 + 2*s - 9. Determine u(w).
2
Let y(c) = -2*c + 67 - 36 - 33. Give y(-3).
4
Let k(p) = p - 2. Let d(b) = -b + 9. Let v(u) = 1. Let r(i) = -d(i) + 6*v(i). Let h(q) = -5*k(q) + 4*r(q). Calculate h(2).
-4
Let f(m) = m**2 - 2*m - 4. Suppose -2*n + 13 + 7 = 0. Suppose 18 = 5*p + 3*a, 3*a + 4 = -p + n. What is f(p)?
-1
Let j = 4 - -4. Let o be (3 - j/4)/(-1). Let v(x) be the third derivative of -x**6/12 - x**5/60 - x**4/24 - x**3/6 - x**2. What is v(o)?
9
Let i be 2 + (2 - 0)/2. Let z(f) = -f - 1. Let p(x) = -5*x - 2*x**2 - 6 - 3 + 3*x**2. Let w(m) = -p(m) + 6*z(m). Give w(i).
-9
Suppose -5*s = -23 - 17. Let j(x) = -x**3 + 9*x**2 - 9*x + 8. Let i be j(s). Let v(u) = -u**3 + 0 + u - 3*u**2 + 2 + 4*u**2. Give v(i).
2
Let t(y) be the second derivative of -y**4/12 + y**2/2 + y. Let f be 5/((-45)/12) - 3/(-9). Let j be t(f). Let n(b) = -b**2 - 6. Determine n(j).
-6
Suppose 10*y - 11*y = -2*h - 6, h = 0. Let s(n) be the first derivative of n**4/4 - 5*n**3/3 - 7*n**2/2 - n + 1. Determine s(y).
-7
Let f = -2 + 7. Let g = 1 + f. Let m(i) = g - 3*i + 0*i - i**2 + 2*i**2. What is m(4)?
10
Let n(p) = 0*p**2 - 7 + 1 - 9*p - 1 - p**2. Give n(-8).
1
Let p(k) = 6*k**2 + k - 1. Let m be -1*3/(-3 - 0). What is p(m)?
6
Suppose 4*r + 2 = 2*a, 6*a - 3*a = r + 23. Suppose 10 = 2*s - 2*u, 5*u = 4*s - a*s + 75. Let f = s + -5. Let q(v) = v**3 - 4*v**2 - 4*v + 4. What is q(f)?
9
Let q(h) be the third derivative of -h**5/60 - 5*h**4/24 + h**3/2 - h**2. Let v(b) = -3*b - 1. Let a be v(1). Determine q(a).
7
Let s(g) = -g**2 - g - 1. Let q be s(-1). Let m be q*(-27)/(-3) + 4. Let j(n) = -n**3 - 4*n**2 + 2*n. Calculate j(m).
15
Let j(a) be the first derivative of -a**3 - 3*a**2/2 + 4*a - 4. What is j(-3)?
-14
Suppose 0 = -3*w + 1 - 19. Let t be (-3 - 22/w)*6. Let g(n) = 2*n - 3. Determine g(t).
5
Suppose 6 - 18 = -3*k. Let y(i) = -2*i**2 - 11 + k*i + i**2 + 2*i**2 + 7. Give y(-5).
1
Suppose 4*y + y + 10 = 0. Let q(w) = -w - 1. Give q(y).
1
Let w(t) be the second derivative of -t**3/6 - t**2/2 - 5*t. Let i(r) = -r + 1. Let a(o) = 2*i(o) - w(o). Calculate a(6).
-3
Let b(d) = -12*d - 1. Let i(u) = -u. Let y(h) = b(h) - 4*i(h). Let m(j) = 3*j - 2. Let c be m(1). Give y(c).
-9
Let x(u) = 11*u**3 - 21*u**2 - u + 6. Let z(c) = 5*c**3 - 10*c**2 + 3. Let d(o) = 4*x(o) - 9*z(o). Determine d(4).
13
Let z(t) = -3 - t**3 + 2 + 2*t**2 - 5*t**3. Let x(c) = -c**3 + 5*c**2 + 7*c - 7. Let o be x(6). Determine z(o).
7
Let b(w) = w**2 - 2. Let y be b(0). Let z(s) = -s**3 - s**2 - 1. Let i(o) = -10*o**3 - 10*o**2 - 2*o - 12. Let v(d) = -i(d) + 12*z(d). Calculate v(y).
4
Let v(c) = c**2 - 1. Let q be -1 - (-4 - -2)*2. What is v(q)?
8
Let w(k) = k**3 - 8*k**2 + k + 2. Let a be ((0 + -1)*1 - -10) + -1. What is w(a)?
10
Let b(m) = m**3 + 3*m**2 - 6*m - 4. Let c be b(-4). Let z(k) = -